8
What is the value of -8 + 7 - -1 - -9?
9
What is the value of (50 - 45) + -2 + -18 + 3?
-12
Evaluate (-16 - (-4 + -10)) + (2 - (3 + 31)).
-34
Calculate -10 + (-10 - (-3 + 11 - 40)).
12
What is the value of -6 - -34 - (15 + 4 + -5)?
14
What is the value of 21 + (-19 - 9 - 18)?
-25
Calculate -5 + 9 - 11 - (-26 + 35).
-16
Calculate -19 + (4 - (16 + -50)).
19
What is the value of 45 + (3 - (-35 - -66))?
17
-9 + 8 + -17 - 1
-19
What is the value of (22 - (24 - 5)) + 2 + -7?
-2
Evaluate -20 + (43 - 26) + (-9 - (0 + 1)).
-13
Evaluate 20 + -8 + (22 - 13 - -3).
24
Evaluate 2 - (-8 + 15) - (-2 + -28).
25
-36 - (67 + -38 - 24)
-41
Evaluate (0 + 7 - 1) + (34 - 36) - 14.
-10
What is -22 + -4 - -39 - 38?
-25
What is the value of -32 + 66 + (-19 - 7)?
8
Evaluate -20 - (-25 + 10) - -10.
5
Evaluate -7 - (-17 + 11 + -27).
26
-9 + 12 + (-7 - 10 - 8)
-22
What is the value of -9 + 0 + (-53 - -59) + -10?
-13
(-3 + (4 - 5) - -19) + -3
12
What is -1 - (14 - 16 - -8)?
-7
Calculate -91 + 77 + (7 - 4 - 7) + -1.
-19
Evaluate 13 + -1 - (26 + -26).
12
What is the value of -3 + 4 + -4 + -16 + -2 + 38?
17
What is -76 - (14 - (-2 - -64))?
-28
Calculate -9 + -1 - (345 + -341).
-14
2 + (0 - 4 - (11 - (-3 + 12)))
-4
Evaluate -12 + 14 + -13 + -7 + (1 - -9).
-8
0 - -8 - (28 + -48 + (1 - -12))
15
Calculate -10 - (-6 + 7 + 13 + 0).
-24
Calculate (12 - 7) + (-5 + (-4 - -9) - 1).
4
(19 - (-7 - -20)) + (1 - 20)
-13
What is (8 - 11) + 7 + -5 - 5?
-6
What is the value of 7 + 84 + -83 - (-2 - (-1 + 0))?
9
Calculate 11 - (0 - -3) - 9.
-1
What is -14 + 4 + 17 + (2 + 6 - 2)?
13
What is the value of -11 + (-5 - 8) - (-8 - -2)?
-18
What is (6 + -4 - -2 - 23) + 5?
-14
Evaluate -48 - (16 + -36) - -11.
-17
What is (-65 - -84) + (-3 - 3)?
13
Evaluate 19 - 16 - 38 - -2.
-33
What is the value of -12 - (-16 + (-15 - -12))?
7
Evaluate (1 - 4 - 1) + (36 - 32).
0
(104 - 118) + (2 - -17)
5
96 - 102 - (1 + -19)
12
What is the value of (2 - -7) + (-2 + 0 - 2)?
5
What is 7 - (8 - (-2 + -4)) - 0?
-7
Calculate 0 + -1 + (-33 + 46 - 5).
7
What is (-8 + 24 - 17) + (0 - (6 + -3))?
-4
What is the value of -14 + 4 + 1 - -2?
-7
Calculate (-13 - -35) + 8 + -35.
-5
What is 2 - (-1 - -2) - (16 + 5 + -17)?
-3
What is the value of 1 + (-3 - 8) + 14?
4
Evaluate (-5 - 1) + (4 + -4 - (-3 + 3)).
-6
Evaluate -8 + (-2 - -6) + 2 + -1 + -3.
-6
Evaluate 2 + -7 - (-18 + (-12 + 20 - 17)).
22
What is the value of -7 - ((7 + 1 - 5) + 8 + -24)?
6
What is (-3 - 9) + -22 + 30?
-4
What is 1 + -17 + (8 - 2)?
-10
What is the value of -31 + -11 + 99 + -24?
33
Calculate (-69 + 26 - -14) + 10.
-19
Evaluate 15 + -15 + -21 + 18.
-3
-48 - (16 + 8 + -84)
12
3 + (3 - (-7 - -4)) - 12 - 19
-22
What is the value of 8 + -1 + -1 + 28 + -21 + -4?
9
Calculate 2 - (-2 - (4 + 1)) - 24.
-15
Evaluate 11 + -6 + (-1 - -8) + 1 + 1.
14
Calculate 1 + (5 - 0 - 2) - (157 - 150).
-3
Calculate 14 - (-49 + 63) - (-15 - -2).
13
What is the value of 45 + -1 - (7 - 10 - (-73 + 60))?
34
What is (22 - 11 - (4 - -10)) + -2?
-5
What is the value of 0 + (-4 - (5 - 13)) - 6?
-2
What is 25 + (-3 - (-6 - -12))?
16
Evaluate (10 + -21 - (2 + 0)) + -4.
-17
What is the value of -8 - ((-7 - -3 - -8) + -5)?
-7
What is the value of 3 + (18 - 7 - (4 + -6 + 3))?
13
Evaluate -6 + -10 + (-11 - -41) + (-2 - 2).
10
Calculate 10 - ((1 - (3 - -9)) + 10).
11
Calculate -6 + 3 + 1 + -13 + 8.
-7
Calculate (-9 - 0 - 2) + (-11 - -7).
-15
What is the value of (40 - 71) + (16 - 1) + 0?
-16
What is the value of 0 + (-18 - -11) + (-2 - -1)?
-8
What is the value of -13 + 13 + 1 + -18 - (2 + 2)?
-21
Evaluate -9 - (13 + 5 + -15 - 2).
-10
-4 - (-3 + 1 + 4 + -16)
10
What is the value of -8 - (8 - (16 + -3)) - -8?
5
Calculate (8 - 8) + (2 - 11 - 0).
-9
Calculate -5 - -21 - 3 - (141 - 105).
-23
11 - (6 + -1) - (15 + -28)
19
Calculate -1 - (4 + (2 + -13 - -6)).
0
32 + -42 + (-6 - -3)
-13
Calculate (0 - 9) + (1 + 9 - (205 + -198)).
-6
What is the value of (8 - 5 - -4) + -12 + -6?
-11
20 + -35 + 11 - (16 - 3)
-17
What is the value of (-16 - (11 - 21)) + 0?
-6
What is 46 + -28 - (3 + -4 + 38)?
-19
What is (4 - (-1 + (-9 - 35))) + -18?
31
What is (7 + -3 - 5) + 8 + -6?
1
(-2 - (-1 + 7)) + 514 + -502
4
0 + 2 + -16 + -8 + 30
8
Evaluate 55 + (6 + -13 - 24).
24
Evaluate -6 + (14 - (5 + 5)) - 4.
-6
Evaluate -9 + (-12 - -4) + 8 + -1.
-10
Evaluate -16 - (-41 + 10) - (46 - -2).
-33
4 - 4 - (0 + -2) - (-65 - -66)
1
(9 + -2 - 1) + -2 - (-7 + 1)
10
26 + (5 - 14) - 5 - -2
14
What is the value of -15 - ((4 - 14) + -15)?
10
What is the value of -1 + 5 - (29 - -6 - 26)?
-5
Calculate (-14 - 1) + -223 + 229.
-9
What is (-4 - (-3 + (2 - 1))) + -34 + 40?
4
Evaluate (-1 - 6) + (4 - 4) - 8.
-15
What is the value of 4 - (-5 + (-7 - -14) + 15)?
-13
What is (3 - 7 - (3 + -5)) + 5?
3
-7 + (-16 - -11) - -5
-7
What is the value of (-64 - -45) + -8 + -5 + 42?
10
Calculate 4 + 1 + (-5 - 1 - (-35 + 23)).
11
Calculate -1 + 7 + 189 + -218 + 1 + -9.
-31
What is the value of 6 + (44 - 17) + -19?
14
Evaluate 13 - ((26 - -2) + 5).
-20
Evaluate -4 + -2 + (-14 - (23 - 37)).
-6
Evaluate -6 - (-11 + 24 - 11) - 2.
-10
What is 1 - 20 - (160 - 171)?
-8
Evaluate -5 - (9 + -7 + -1) - -19.
13
What is -3 + -6 + 7 + 9 - -9?
16
Evaluate -899 + 869 - (-13 - 1).
-16
What is the value of -17 + 2 + (9 - 3) + 2 + -7?
-14
What is the value of 0 - 1 - (-931 + 924)?
6
Evaluate 5 + -6 + (-34 - -24).
-11
What is -61 + 45 - (1 - (-1 - -1))?
-17
What is -6 - (-13 - -15) - (5 - 0)?
-13
What is 26 - (-16 - -1 - (77 - 98))?
20
What is -11 - -27 - (5 - -7)?
4
11 - (22 - (34 - 15))
8
-10 + (-4 + 0 - (-25 - -6))
5
8 - ((1 - 6) + 6 - -16)
-9
Evaluate 5 + -1 + -1 - (-5 - (-5 + 0)).
3
What is the value of (-14 - -8) + (-5 - -10) + 12?
11
What is the value of -17 - ((28 - 17) + -16)?
-12
Calculate -3 + (7 - 2) - 17 - -6.
-9
Evaluate (-6 + (8 - -1) + -5 - 1) + -6.
-9
What is (2845 - 2836) + (2 - 0 - -11)?
22
What is the value of (76 - 77) + (-7 - (3 + -3 + 3))?
-11
What is the value of (-20 - (-36 + 13)) + 4 + 1?
8
Evaluate 2 - (24 - (13 + -1)).
-10
Evaluate 10 + -12 - 3 - -5.
0
Calculate -7 - -1 - (-129 + 138).
-15
Calculate 10 + (2 - 8) + 5.
9
Calculate (-799 - -809) + -2 + 11.
19
What is -16 - -6 - (-2 - (-4 + 0)) - 2?
-14
What is 2 + 2 + 5 + 3 + -5 + -4?
3
What is -1 + (-3 - (-6 - 4)) + -3 - 11?
-8
Calculate (-29 + 16 - -13) + (-8 - 2) + 7.
-3
Calculate 28 - (-17 + -13 + 14) - 12.
32
What is the value of (15 - 5 - -2) + -5 + -22?
-15
Calculate 14 + -22 + 12 + -8.
-4
Calculate -27 + -3 + 22 + -17.
-25
What is the value of 1 - (4 + 17) - (-6 - 0)?
-14
Calculate 3 - (-2 + 9) - (-29 + 6).
19
Evaluate 0 + 0 + 1 + -14 + 117 + -116.
-12
What is 42 + 6 + -13 + -18?
17
What is the value of -15 - ((0 - 9 - -14) + -13 - -17)?
-24
Calculate -16 - -34 - (-4 - (4 + -14)).
12
What is the value of (-18 - (-7 - -11) - 2) + 7 + -1?
-18
30 - (36 - -28) - -61
27
4 - (5 + (8 - 10) - 2)
3
What is -16 + 7 + 23 - 2?
12
What is -9 + (-9 - (-17 + 3)) + 0 + -2?
-6
What is -11 + -2 + 1 + -11 + 21?
-2
What is -265 + 302 + (-19 - 0)?
18
Evaluate 4 + -6 + 2 + (6 - 8 - -9).
7
Evaluate 3 - (-5 - -21) - -24.
11
Calculate (-45 - (1 + -29)) + (2 - (0 - 0)).
-15
What is the value of 72 - 74 - (1 + -1 + 1 + 1)?
-4
-26 + 107 + -27 + -35
19
(20 + 1 - 13) + (-20 - (5 - 9))
-8
What is 20 + (2 - 8) + 1 + 8 + -12?
11
6 - (7 - (7 + 8 + -1 + -7))
6
What is the value of 3 - (13 + -1 - (-6 + 3 + 0))?
-12
What is 2 + -11 + 20 - -3 - -1?
15
(9 + -4 + -12 - 5) + 2
-10
What is the value of -2 - (11 - 21) - 8 - (-1 - 7)?
8
Evaluate (6 - 15) + 19 + -7 + -18.
-15
Evaluate 9 + 2 + -9 + -14 + 5.
-7
What is -11 - -11 - -9 - 17?
-8
Evaluate (-39 - (-32 + -23)) + 8.
24
What is the value of 9 - (5 - (27 - 34))?
-3
Calculate (6 - (3 + 4 + 7)) + 7 + -3.
-4
What is -6 + -17 + 12 + 2 + -1 + 8?
-2
Evaluate 2 - (9 - (5 + -2)) - (2 + 1).
-7
13 + (10 + -8 + -3 - 12)
0
7 + 0 - (-13 - -17 - (-1 + -2))
0
What is the value of -13 + 6 - -10 - (1 + -1 + 3)?
0
What is the value of -30 + 19 + (5 - 9) + 2?
-13
Calculate -6 - 0 - (-32 + 10 - (-49 - -25)).
-8
Evaluate -21 - (-16 + -42 + 24).
13
What is (-8 - (10 - (13 + -3))) + -16 + -3?
-27
What is -11 + (-3 - -25 - 10) - (1 + 16)?
-16
(9 + -7 - 20) + 14
-4
What is the value of 87 + -85 - (6 + -3)?
-1
What is 2723 - 2736 - ((1 - 0) + -3)?
-11
Calculate -1 + -17 + 15 + 32.
29
What is -3 - -9 - (-5 - -2 